{"id":8,"date":"2021-06-21T14:28:52","date_gmt":"2021-06-21T14:28:52","guid":{"rendered":"http:\/\/www.tomas-maras.cz\/?page_id=8"},"modified":"2024-08-05T17:36:31","modified_gmt":"2024-08-05T17:36:31","slug":"kontakt","status":"publish","type":"page","link":"https:\/\/www.tomas-maras.cz\/index.php\/kontakt\/","title":{"rendered":"KONTAKT \/ CONTACT"},"content":{"rendered":"\n\n<p>info@tomas-maras.cz<\/p>\n<p>+420 608 925 544<p>\n","protected":false},"excerpt":{"rendered":"<p>info@tomas-maras.cz +420 608 925 544<\/p>\n","protected":false},"author":1,"featured_media":0,"parent":0,"menu_order":0,"comment_status":"closed","ping_status":"closed","template":"","meta":{"footnotes":""},"yoast_head":"<!-- This site is optimized with the Yoast SEO plugin v22.5 - https:\/\/yoast.com\/wordpress\/plugins\/seo\/ -->\n<title>KONTAKT \/ CONTACT - Tom\u00e1\u0161 MA\u0158AS - mal\u00ed\u0159 a v\u00fdtvarn\u00edk<\/title>\n<meta name=\"robots\" content=\"index, follow, max-snippet:-1, max-image-preview:large, max-video-preview:-1\" \/>\n<link rel=\"canonical\" href=\"https:\/\/www.tomas-maras.cz\/index.php\/kontakt\/\" \/>\n<meta property=\"og:locale\" content=\"cs_CZ\" \/>\n<meta property=\"og:type\" content=\"article\" \/>\n<meta property=\"og:title\" content=\"KONTAKT \/ CONTACT - Tom\u00e1\u0161 MA\u0158AS - mal\u00ed\u0159 a v\u00fdtvarn\u00edk\" \/>\n<meta property=\"og:description\" content=\"info@tomas-maras.cz +420 608 925 544\" \/>\n<meta property=\"og:url\" content=\"https:\/\/www.tomas-maras.cz\/index.php\/kontakt\/\" \/>\n<meta property=\"og:site_name\" content=\"Tom\u00e1\u0161 MA\u0158AS - mal\u00ed\u0159 a v\u00fdtvarn\u00edk\" \/>\n<meta property=\"article:publisher\" content=\"https:\/\/www.facebook.com\/profile.php?id=100070739244128\" \/>\n<meta property=\"article:modified_time\" content=\"2024-08-05T17:36:31+00:00\" \/>\n<meta name=\"twitter:card\" content=\"summary_large_image\" \/>\n<meta name=\"twitter:label1\" content=\"Odhadovan\u00e1 doba \u010dten\u00ed\" \/>\n\t<meta name=\"twitter:data1\" content=\"1 minuta\" \/>\n<script type=\"application\/ld+json\" class=\"yoast-schema-graph\">{\"@context\":\"https:\/\/schema.org\",\"@graph\":[{\"@type\":\"WebPage\",\"@id\":\"https:\/\/www.tomas-maras.cz\/index.php\/kontakt\/\",\"url\":\"https:\/\/www.tomas-maras.cz\/index.php\/kontakt\/\",\"name\":\"KONTAKT \/ CONTACT - Tom\u00e1\u0161 MA\u0158AS - mal\u00ed\u0159 a v\u00fdtvarn\u00edk\",\"isPartOf\":{\"@id\":\"https:\/\/www.tomas-maras.cz\/#website\"},\"datePublished\":\"2021-06-21T14:28:52+00:00\",\"dateModified\":\"2024-08-05T17:36:31+00:00\",\"breadcrumb\":{\"@id\":\"https:\/\/www.tomas-maras.cz\/index.php\/kontakt\/#breadcrumb\"},\"inLanguage\":\"cs\",\"potentialAction\":[{\"@type\":\"ReadAction\",\"target\":[\"https:\/\/www.tomas-maras.cz\/index.php\/kontakt\/\"]}]},{\"@type\":\"BreadcrumbList\",\"@id\":\"https:\/\/www.tomas-maras.cz\/index.php\/kontakt\/#breadcrumb\",\"itemListElement\":[{\"@type\":\"ListItem\",\"position\":1,\"name\":\"Dom\u016f\",\"item\":\"https:\/\/www.tomas-maras.cz\/\"},{\"@type\":\"ListItem\",\"position\":2,\"name\":\"KONTAKT \/ CONTACT\"}]},{\"@type\":\"WebSite\",\"@id\":\"https:\/\/www.tomas-maras.cz\/#website\",\"url\":\"https:\/\/www.tomas-maras.cz\/\",\"name\":\"tomas-maras.cz\",\"description\":\"\",\"publisher\":{\"@id\":\"https:\/\/www.tomas-maras.cz\/#\/schema\/person\/a229169f82a954ee069f99446051aa30\"},\"potentialAction\":[{\"@type\":\"SearchAction\",\"target\":{\"@type\":\"EntryPoint\",\"urlTemplate\":\"https:\/\/www.tomas-maras.cz\/?s={search_term_string}\"},\"query-input\":\"required name=search_term_string\"}],\"inLanguage\":\"cs\"},{\"@type\":[\"Person\",\"Organization\"],\"@id\":\"https:\/\/www.tomas-maras.cz\/#\/schema\/person\/a229169f82a954ee069f99446051aa30\",\"name\":\"tomasmaras\",\"image\":{\"@type\":\"ImageObject\",\"inLanguage\":\"cs\",\"@id\":\"https:\/\/www.tomas-maras.cz\/#\/schema\/person\/image\/\",\"url\":\"https:\/\/www.tomas-maras.cz\/wp-content\/uploads\/2021\/09\/IMG_9603-2-CB-scaled.jpg\",\"contentUrl\":\"https:\/\/www.tomas-maras.cz\/wp-content\/uploads\/2021\/09\/IMG_9603-2-CB-scaled.jpg\",\"width\":2560,\"height\":1986,\"caption\":\"tomasmaras\"},\"logo\":{\"@id\":\"https:\/\/www.tomas-maras.cz\/#\/schema\/person\/image\/\"},\"sameAs\":[\"http:\/\/localhost\/wordpress\",\"https:\/\/www.facebook.com\/profile.php?id=100070739244128\",\"https:\/\/www.instagram.com\/tomas.maras.art\/\"]}]}<\/script>\n<!-- \/ Yoast SEO plugin. -->","yoast_head_json":{"title":"KONTAKT \/ CONTACT - Tom\u00e1\u0161 MA\u0158AS - mal\u00ed\u0159 a v\u00fdtvarn\u00edk","robots":{"index":"index","follow":"follow","max-snippet":"max-snippet:-1","max-image-preview":"max-image-preview:large","max-video-preview":"max-video-preview:-1"},"canonical":"https:\/\/www.tomas-maras.cz\/index.php\/kontakt\/","og_locale":"cs_CZ","og_type":"article","og_title":"KONTAKT \/ CONTACT - Tom\u00e1\u0161 MA\u0158AS - mal\u00ed\u0159 a v\u00fdtvarn\u00edk","og_description":"info@tomas-maras.cz +420 608 925 544","og_url":"https:\/\/www.tomas-maras.cz\/index.php\/kontakt\/","og_site_name":"Tom\u00e1\u0161 MA\u0158AS - mal\u00ed\u0159 a v\u00fdtvarn\u00edk","article_publisher":"https:\/\/www.facebook.com\/profile.php?id=100070739244128","article_modified_time":"2024-08-05T17:36:31+00:00","twitter_card":"summary_large_image","twitter_misc":{"Odhadovan\u00e1 doba \u010dten\u00ed":"1 minuta"},"schema":{"@context":"https:\/\/schema.org","@graph":[{"@type":"WebPage","@id":"https:\/\/www.tomas-maras.cz\/index.php\/kontakt\/","url":"https:\/\/www.tomas-maras.cz\/index.php\/kontakt\/","name":"KONTAKT \/ CONTACT - Tom\u00e1\u0161 MA\u0158AS - mal\u00ed\u0159 a v\u00fdtvarn\u00edk","isPartOf":{"@id":"https:\/\/www.tomas-maras.cz\/#website"},"datePublished":"2021-06-21T14:28:52+00:00","dateModified":"2024-08-05T17:36:31+00:00","breadcrumb":{"@id":"https:\/\/www.tomas-maras.cz\/index.php\/kontakt\/#breadcrumb"},"inLanguage":"cs","potentialAction":[{"@type":"ReadAction","target":["https:\/\/www.tomas-maras.cz\/index.php\/kontakt\/"]}]},{"@type":"BreadcrumbList","@id":"https:\/\/www.tomas-maras.cz\/index.php\/kontakt\/#breadcrumb","itemListElement":[{"@type":"ListItem","position":1,"name":"Dom\u016f","item":"https:\/\/www.tomas-maras.cz\/"},{"@type":"ListItem","position":2,"name":"KONTAKT \/ CONTACT"}]},{"@type":"WebSite","@id":"https:\/\/www.tomas-maras.cz\/#website","url":"https:\/\/www.tomas-maras.cz\/","name":"tomas-maras.cz","description":"","publisher":{"@id":"https:\/\/www.tomas-maras.cz\/#\/schema\/person\/a229169f82a954ee069f99446051aa30"},"potentialAction":[{"@type":"SearchAction","target":{"@type":"EntryPoint","urlTemplate":"https:\/\/www.tomas-maras.cz\/?s={search_term_string}"},"query-input":"required name=search_term_string"}],"inLanguage":"cs"},{"@type":["Person","Organization"],"@id":"https:\/\/www.tomas-maras.cz\/#\/schema\/person\/a229169f82a954ee069f99446051aa30","name":"tomasmaras","image":{"@type":"ImageObject","inLanguage":"cs","@id":"https:\/\/www.tomas-maras.cz\/#\/schema\/person\/image\/","url":"https:\/\/www.tomas-maras.cz\/wp-content\/uploads\/2021\/09\/IMG_9603-2-CB-scaled.jpg","contentUrl":"https:\/\/www.tomas-maras.cz\/wp-content\/uploads\/2021\/09\/IMG_9603-2-CB-scaled.jpg","width":2560,"height":1986,"caption":"tomasmaras"},"logo":{"@id":"https:\/\/www.tomas-maras.cz\/#\/schema\/person\/image\/"},"sameAs":["http:\/\/localhost\/wordpress","https:\/\/www.facebook.com\/profile.php?id=100070739244128","https:\/\/www.instagram.com\/tomas.maras.art\/"]}]}},"_links":{"self":[{"href":"https:\/\/www.tomas-maras.cz\/index.php\/wp-json\/wp\/v2\/pages\/8"}],"collection":[{"href":"https:\/\/www.tomas-maras.cz\/index.php\/wp-json\/wp\/v2\/pages"}],"about":[{"href":"https:\/\/www.tomas-maras.cz\/index.php\/wp-json\/wp\/v2\/types\/page"}],"author":[{"embeddable":true,"href":"https:\/\/www.tomas-maras.cz\/index.php\/wp-json\/wp\/v2\/users\/1"}],"replies":[{"embeddable":true,"href":"https:\/\/www.tomas-maras.cz\/index.php\/wp-json\/wp\/v2\/comments?post=8"}],"version-history":[{"count":7,"href":"https:\/\/www.tomas-maras.cz\/index.php\/wp-json\/wp\/v2\/pages\/8\/revisions"}],"predecessor-version":[{"id":344,"href":"https:\/\/www.tomas-maras.cz\/index.php\/wp-json\/wp\/v2\/pages\/8\/revisions\/344"}],"wp:attachment":[{"href":"https:\/\/www.tomas-maras.cz\/index.php\/wp-json\/wp\/v2\/media?parent=8"}],"curies":[{"name":"wp","href":"https:\/\/api.w.org\/{rel}","templated":true}]}}

<!-- This site is optimized with the Yoast SEO plugin v22.5 - https://yoast.com/wordpress/plugins/seo/ -->
<title>KONTAKT / CONTACT - Tomáš MAŘAS - malíř a výtvarník</title>
<meta name="robots" content="index, follow, max-snippet:-1, max-image-preview:large, max-video-preview:-1" />
<link rel="canonical" href="https://www.tomas-maras.cz/index.php/kontakt/" />
<meta property="og:locale" content="cs_CZ" />
<meta property="og:type" content="article" />
<meta property="og:title" content="KONTAKT / CONTACT - Tomáš MAŘAS - malíř a výtvarník" />
<meta property="og:description" content="info@tomas-maras.cz +420 608 925 544" />
<meta property="og:url" content="https://www.tomas-maras.cz/index.php/kontakt/" />
<meta property="og:site_name" content="Tomáš MAŘAS - malíř a výtvarník" />
<meta property="article:publisher" content="https://www.facebook.com/profile.php?id=100070739244128" />
<meta property="article:modified_time" content="2024-08-05T17:36:31+00:00" />
<meta name="twitter:card" content="summary_large_image" />
<meta name="twitter:label1" content="Odhadovaná doba čtení" />
	<meta name="twitter:data1" content="1 minuta" />
<script type="application/ld+json" class="yoast-schema-graph">{"@context":"https://schema.org","@graph":[{"@type":"WebPage","@id":"https://www.tomas-maras.cz/index.php/kontakt/","url":"https://www.tomas-maras.cz/index.php/kontakt/","name":"KONTAKT / CONTACT - Tomáš MAŘAS - malíř a výtvarník","isPartOf":{"@id":"https://www.tomas-maras.cz/#website"},"datePublished":"2021-06-21T14:28:52+00:00","dateModified":"2024-08-05T17:36:31+00:00","breadcrumb":{"@id":"https://www.tomas-maras.cz/index.php/kontakt/#breadcrumb"},"inLanguage":"cs","potentialAction":[{"@type":"ReadAction","target":["https://www.tomas-maras.cz/index.php/kontakt/"]}]},{"@type":"BreadcrumbList","@id":"https://www.tomas-maras.cz/index.php/kontakt/#breadcrumb","itemListElement":[{"@type":"ListItem","position":1,"name":"Domů","item":"https://www.tomas-maras.cz/"},{"@type":"ListItem","position":2,"name":"KONTAKT / CONTACT"}]},{"@type":"WebSite","@id":"https://www.tomas-maras.cz/#website","url":"https://www.tomas-maras.cz/","name":"tomas-maras.cz","description":"","publisher":{"@id":"https://www.tomas-maras.cz/#/schema/person/a229169f82a954ee069f99446051aa30"},"potentialAction":[{"@type":"SearchAction","target":{"@type":"EntryPoint","urlTemplate":"https://www.tomas-maras.cz/?s={search_term_string}"},"query-input":"required name=search_term_string"}],"inLanguage":"cs"},{"@type":["Person","Organization"],"@id":"https://www.tomas-maras.cz/#/schema/person/a229169f82a954ee069f99446051aa30","name":"tomasmaras","image":{"@type":"ImageObject","inLanguage":"cs","@id":"https://www.tomas-maras.cz/#/schema/person/image/","url":"https://www.tomas-maras.cz/wp-content/uploads/2021/09/IMG_9603-2-CB-scaled.jpg","contentUrl":"https://www.tomas-maras.cz/wp-content/uploads/2021/09/IMG_9603-2-CB-scaled.jpg","width":2560,"height":1986,"caption":"tomasmaras"},"logo":{"@id":"https://www.tomas-maras.cz/#/schema/person/image/"},"sameAs":["http://localhost/wordpress","https://www.facebook.com/profile.php?id=100070739244128","https://www.instagram.com/tomas.maras.art/"]}]}</script>
<!-- / Yoast SEO plugin. -->

KONTAKT / CONTACT - Tomáš MAŘAS - malíř a výtvarník

Tomáš MAŘAS - malíř a výtvarník

Domů
